{"id":1103,"date":"2025-07-22T14:03:58","date_gmt":"2025-07-22T14:03:58","guid":{"rendered":"https:\/\/iap-salcher.at\/wordpress\/?page_id=1103"},"modified":"2025-08-21T08:12:52","modified_gmt":"2025-08-21T08:12:52","slug":"1103-2","status":"publish","type":"page","link":"https:\/\/iap-salcher.at\/index.php\/1103-2\/","title":{"rendered":"HIM 01 Horizontal"},"content":{"rendered":"<p>[et_pb_section fb_built=&#8220;1&#8243; _builder_version=&#8220;4.27.4&#8243; _module_preset=&#8220;default&#8220; background_enable_color=&#8220;off&#8220; background_image=&#8220;https:\/\/iap-salcher.at\/wordpress\/wp-content\/uploads\/2025\/07\/architecture-4421992_1920.jpg&#8220; custom_padding=&#8220;5px||5px||false|false&#8220; global_colors_info=&#8220;{}&#8220;][et_pb_row _builder_version=&#8220;4.27.2&#8243; _module_preset=&#8220;default&#8220; background_enable_color=&#8220;off&#8220; background_image=&#8220;https:\/\/iap-salcher.at\/wordpress\/wp-content\/uploads\/2025\/07\/tes2-4.png&#8220; min_height=&#8220;994px&#8220; custom_margin=&#8220;15px|auto|15px|auto|false|false&#8220; custom_padding=&#8220;32px|30px||30px|false|false&#8220; animation_style=&#8220;fade&#8220; border_radii=&#8220;on|15px|15px|15px|15px&#8220; border_width_all=&#8220;1px&#8220; border_color_all=&#8220;#000000&#8243; global_colors_info=&#8220;{}&#8220;][et_pb_column type=&#8220;4_4&#8243; _builder_version=&#8220;4.27.2&#8243; _module_preset=&#8220;default&#8220; global_colors_info=&#8220;{}&#8220;][et_pb_text _builder_version=&#8220;4.27.4&#8243; _module_preset=&#8220;default&#8220; text_text_color=&#8220;#FFFFFF&#8220; header_text_color=&#8220;#FFFFFF&#8220; background_enable_color=&#8220;off&#8220; text_orientation=&#8220;center&#8220; custom_padding=&#8220;10px||6px||false|false&#8220; border_color_all=&#8220;#FFFFFF&#8220; border_width_top=&#8220;2px&#8220; border_width_bottom=&#8220;2px&#8220; global_colors_info=&#8220;{}&#8220;]<\/p>\n<h2><span style=\"color: #ffffff;\">HIM 01 Horizontale Impr\u00e4gniermaschine: Reengineering<\/span><\/h2>\n<p>[\/et_pb_text][et_pb_text _builder_version=&#8220;4.27.2&#8243; _module_preset=&#8220;default&#8220; text_text_color=&#8220;#FFFFFF&#8220; custom_padding=&#8220;||0px|||&#8220; global_colors_info=&#8220;{}&#8220;]<\/p>\n<h3><span style=\"color: #ffffff;\">Projektbeschreibung:<\/span><\/h3>\n<p>Automatisierung einer Harzimpr\u00e4gnieranlage (ca. 250 I\/O). Die Steuerung wird in einer Simatic S7-300 realisiert. Die Bedienebene l\u00e4uft \u00fcber zwei Touch-Panels MP 270, von denen eines im EX-Bereich untergebracht ist. Ebenso im EX-Bereich installiert ist ein Teil der Antriebe und Sensoren.<\/p>\n<p>Die Papierbahn wird \u00fcber drei FU\u2019s angetrieben. Die Spannung der Papierbahn wird gemessen und als Stellgr\u00f6\u00dfe f\u00fcr das Verh\u00e4ltnis der einzelnen Drehzahlen verwendet.\u2028Die Abluftventilatoren werden \u00fcber drei verschiedene FU\u2019s angetrieben.\u00a0Alle FU\u2019s sind \u00fcber Profibus mit der CPU verbunden.<\/p>\n<p><span>Erl\u00e4uterung:<\/span><span>\u00a0<\/span>Das impr\u00e4gnierte Papier wird als Isoliermaterial im Transformatoren- und Generatorenbau verwendet.<\/p>\n<h3><span style=\"color: #ffffff;\">IAS Projekt:<\/span><\/h3>\n<ul>\n<li>Erstellung des Pflichtenheftes gemeinsam mit dem Kunden.<\/li>\n<li>Auswahl s\u00e4mtlicher elektrotechnischen Komponenten, gerade im Hinblick auf Personensicherheit, Verf\u00fcgbarkeit und Explosionsschutz.<\/li>\n<li>Hardware-Planung, Bau und Lieferung s\u00e4mtlicher Steuerschr\u00e4nke und Vorortpulte inkl. der eingebauten Komponenten.<\/li>\n<li>Erstellung der Software und Durchf\u00fchrung eines einw\u00f6chigen FAT\u2019s gemeinsam mit dem Kunden in unserem B\u00fcro in Graz.<\/li>\n<li>IBS in Bukarest.<\/li>\n<\/ul>\n<ul><\/ul>\n<ul><\/ul>\n<ul><\/ul>\n<p><span style=\"color: #ffffff;\">\u00a0<\/span><\/p>\n<ul><\/ul>\n<p>[\/et_pb_text][et_pb_image src=&#8220;https:\/\/iap-salcher.at\/wordpress\/wp-content\/uploads\/2025\/07\/HIM01_02_large.jpg&#8220; title_text=&#8220;HIM01_02_large&#8220; align=&#8220;center&#8220; _builder_version=&#8220;4.27.2&#8243; _module_preset=&#8220;default&#8220; global_colors_info=&#8220;{}&#8220;][\/et_pb_image][et_pb_button button_url=&#8220;mailto:office@ias-salcher.at&#8220; button_text=&#8220;Mehr Erfahren&#8220; button_alignment=&#8220;center&#8220; _builder_version=&#8220;4.27.2&#8243; _module_preset=&#8220;default&#8220; custom_button=&#8220;on&#8220; button_text_color=&#8220;#FFFFFF&#8220; button_border_radius=&#8220;11px&#8220; background_layout=&#8220;dark&#8220; global_colors_info=&#8220;{}&#8220;][\/et_pb_button][\/et_pb_column][\/et_pb_row][\/et_pb_section]<\/p>\n","protected":false},"excerpt":{"rendered":"<p>HIM 01 Horizontale Impr\u00e4gniermaschine: ReengineeringProjektbeschreibung: Automatisierung einer Harzimpr\u00e4gnieranlage (ca. 250 I\/O). Die Steuerung wird in einer Simatic S7-300 realisiert. Die Bedienebene l\u00e4uft \u00fcber zwei Touch-Panels MP 270, von denen eines im EX-Bereich untergebracht ist. Ebenso im EX-Bereich installiert ist ein Teil der Antriebe und Sensoren. Die Papierbahn wird \u00fcber drei FU\u2019s angetrieben. Die Spannung der [&hellip;]<\/p>\n","protected":false},"author":2,"featured_media":0,"parent":0,"menu_order":0,"comment_status":"closed","ping_status":"closed","template":"","meta":{"_et_pb_use_builder":"on","_et_pb_old_content":"","_et_gb_content_width":"","footnotes":""},"class_list":["post-1103","page","type-page","status-publish","hentry"],"_links":{"self":[{"href":"https:\/\/iap-salcher.at\/index.php\/wp-json\/wp\/v2\/pages\/1103","targetHints":{"allow":["GET"]}}],"collection":[{"href":"https:\/\/iap-salcher.at\/index.php\/wp-json\/wp\/v2\/pages"}],"about":[{"href":"https:\/\/iap-salcher.at\/index.php\/wp-json\/wp\/v2\/types\/page"}],"author":[{"embeddable":true,"href":"https:\/\/iap-salcher.at\/index.php\/wp-json\/wp\/v2\/users\/2"}],"replies":[{"embeddable":true,"href":"https:\/\/iap-salcher.at\/index.php\/wp-json\/wp\/v2\/comments?post=1103"}],"version-history":[{"count":6,"href":"https:\/\/iap-salcher.at\/index.php\/wp-json\/wp\/v2\/pages\/1103\/revisions"}],"predecessor-version":[{"id":1228,"href":"https:\/\/iap-salcher.at\/index.php\/wp-json\/wp\/v2\/pages\/1103\/revisions\/1228"}],"wp:attachment":[{"href":"https:\/\/iap-salcher.at\/index.php\/wp-json\/wp\/v2\/media?parent=1103"}],"curies":[{"name":"wp","href":"https:\/\/api.w.org\/{rel}","templated":true}]}}